{"id":714,"date":"2020-02-04T15:10:54","date_gmt":"2020-02-04T14:10:54","guid":{"rendered":"http:\/\/www.blekingeidrottshalsa.se\/?page_id=714"},"modified":"2020-04-02T08:13:14","modified_gmt":"2020-04-02T06:13:14","slug":"babymassage","status":"publish","type":"page","link":"https:\/\/www.blekingeidrottshalsa.se\/?page_id=714","title":{"rendered":"Babymassage"},"content":{"rendered":"<p style=\"text-align: center;\"><img loading=\"lazy\" decoding=\"async\" class=\"size-medium wp-image-1132 alignleft\" src=\"https:\/\/www.blekingeidrottshalsa.se\/wordpress\/wp-content\/uploads\/2020\/01\/DSC_4362-300x169.jpg\" alt=\"\" width=\"300\" height=\"169\" srcset=\"https:\/\/www.blekingeidrottshalsa.se\/wordpress\/wp-content\/uploads\/2020\/01\/DSC_4362-300x169.jpg 300w, https:\/\/www.blekingeidrottshalsa.se\/wordpress\/wp-content\/uploads\/2020\/01\/DSC_4362-1024x576.jpg 1024w, https:\/\/www.blekingeidrottshalsa.se\/wordpress\/wp-content\/uploads\/2020\/01\/DSC_4362-768x432.jpg 768w, https:\/\/www.blekingeidrottshalsa.se\/wordpress\/wp-content\/uploads\/2020\/01\/DSC_4362-1536x864.jpg 1536w, https:\/\/www.blekingeidrottshalsa.se\/wordpress\/wp-content\/uploads\/2020\/01\/DSC_4362-2048x1152.jpg 2048w, https:\/\/www.blekingeidrottshalsa.se\/wordpress\/wp-content\/uploads\/2020\/01\/DSC_4362-150x84.jpg 150w, https:\/\/www.blekingeidrottshalsa.se\/wordpress\/wp-content\/uploads\/2020\/01\/DSC_4362-250x141.jpg 250w\" sizes=\"auto, (max-width: 300px) 100vw, 300px\" \/><\/p>\n<p style=\"text-align: left;\"><i><b><strong><em>Babymassage kommer h\u00f6sten-2020\u00a0 \u00a0 \u00a0 \u00a0 \u00a0 \u00a0 \u00a0 \u00a0 \u00a0 \u00a0 \u00a0 \u00a0 \u00a0 \u00a0 \u00a0(Datum inte planerat pga Covid -19)<\/em><\/strong><\/b><\/i><\/p>\n<p style=\"text-align: left;\">Babymassagen ger dig och ditt barn en fin stund tillsammans.\u00a0 N\u00e4rhet och ber\u00f6ring \u00e4r otroligt viktigt f\u00f6r sm\u00e5 bebisar och det s\u00e4tt att kommunicera som Din bebis k\u00e4nner b\u00e4st.<\/p>\n<p style=\"text-align: left;\">Babymassage har m\u00e5nga olika positiva effekter, vid ber\u00f6ring fris\u00e4tts kroppens egna m\u00e5-bra-hormoner &#8211; bl a oxytocin.\u00a0\u00a0Detta ger avslappnade muskler, ger ditt barn en f\u00f6rb\u00e4ttrad djups\u00f6mn och en \u00f6kad kroppsk\u00e4nnedom. Framf\u00f6r allt s\u00e5 \u00e4r det m\u00e5nga bebisar som har problem med kolik, som f\u00e5r mindre sm\u00e4rta och f\u00e5r l\u00e4ttare att slappna av massage.<\/p>\n<p>Du f\u00e5r l\u00e4ra dig flera olika massagetekniker, f\u00f6r att hitta vad du och din bebis tycker b\u00e4st om och m\u00e5r bra av. Varje kurs \u00e4r unik och inget kurstillf\u00e4lle \u00e4r likadant.\u00a0<img loading=\"lazy\" decoding=\"async\" class=\"size-medium wp-image-1212 alignright\" src=\"https:\/\/www.blekingeidrottshalsa.se\/wordpress\/wp-content\/uploads\/2020\/01\/27628796_1656778991071247_4592623703468412532_o-169x300.jpg\" alt=\"\" width=\"169\" height=\"300\" srcset=\"https:\/\/www.blekingeidrottshalsa.se\/wordpress\/wp-content\/uploads\/2020\/01\/27628796_1656778991071247_4592623703468412532_o-169x300.jpg 169w, https:\/\/www.blekingeidrottshalsa.se\/wordpress\/wp-content\/uploads\/2020\/01\/27628796_1656778991071247_4592623703468412532_o-576x1024.jpg 576w, https:\/\/www.blekingeidrottshalsa.se\/wordpress\/wp-content\/uploads\/2020\/01\/27628796_1656778991071247_4592623703468412532_o-768x1365.jpg 768w, https:\/\/www.blekingeidrottshalsa.se\/wordpress\/wp-content\/uploads\/2020\/01\/27628796_1656778991071247_4592623703468412532_o-864x1536.jpg 864w, https:\/\/www.blekingeidrottshalsa.se\/wordpress\/wp-content\/uploads\/2020\/01\/27628796_1656778991071247_4592623703468412532_o-84x150.jpg 84w, https:\/\/www.blekingeidrottshalsa.se\/wordpress\/wp-content\/uploads\/2020\/01\/27628796_1656778991071247_4592623703468412532_o.jpg 1080w\" sizes=\"auto, (max-width: 169px) 100vw, 169px\" \/><\/p>\n<p>Det \u00e4r du som deltagare och\u00a0ditt barn som best\u00e4mmer tempot p\u00e5 dagen, vi tar paus och v\u00e4ntar in varandra s\u00e5 att alla f\u00e5r tid att mata\/byta bl\u00f6ja d\u00e5 det beh\u00f6vs. P\u00e5 kursen finns ingen stress. Vi provar massagegreppen tillsammans i lugn och ro. \u00a0Tillsammans p\u00e5 kursen kan vi ocks\u00e5 l\u00e4ra oss av varandra och ha utbyte av varandras erfarenheter.<\/p>\n<p>Alla bebisar fr\u00e5n 1 m\u00e5nad och upp\u00e5t \u00e4r v\u00e4lkomna!<\/p>\n<p>P\u00e5 plats finns neutral massageolja f\u00f6r dig som vill anv\u00e4nda detta och det finns rena handdukar till din bebis. Du kommer att f\u00e5 ett h\u00e4fte med bilder och instruktioner p\u00e5 massagegreppen med dig hem.<br \/>\nL\u00e4ttare fika serveras. (meddela ev specialkost \/ allergi)<\/p>\n<p>Pris: 480:-<\/p>\n<p><img loading=\"lazy\" decoding=\"async\" class=\"aligncenter size-medium wp-image-1216\" src=\"https:\/\/www.blekingeidrottshalsa.se\/wordpress\/wp-content\/uploads\/2020\/01\/DSC_6297-1-300x169.jpg\" alt=\"\" width=\"300\" height=\"169\" srcset=\"https:\/\/www.blekingeidrottshalsa.se\/wordpress\/wp-content\/uploads\/2020\/01\/DSC_6297-1-300x169.jpg 300w, https:\/\/www.blekingeidrottshalsa.se\/wordpress\/wp-content\/uploads\/2020\/01\/DSC_6297-1-1024x576.jpg 1024w, https:\/\/www.blekingeidrottshalsa.se\/wordpress\/wp-content\/uploads\/2020\/01\/DSC_6297-1-768x432.jpg 768w, https:\/\/www.blekingeidrottshalsa.se\/wordpress\/wp-content\/uploads\/2020\/01\/DSC_6297-1-1536x864.jpg 1536w, https:\/\/www.blekingeidrottshalsa.se\/wordpress\/wp-content\/uploads\/2020\/01\/DSC_6297-1-2048x1152.jpg 2048w, https:\/\/www.blekingeidrottshalsa.se\/wordpress\/wp-content\/uploads\/2020\/01\/DSC_6297-1-150x84.jpg 150w, https:\/\/www.blekingeidrottshalsa.se\/wordpress\/wp-content\/uploads\/2020\/01\/DSC_6297-1-250x141.jpg 250w\" sizes=\"auto, (max-width: 300px) 100vw, 300px\" \/><\/p>\n<p><img loading=\"lazy\" decoding=\"async\" class=\"aligncenter size-medium wp-image-1215\" src=\"https:\/\/www.blekingeidrottshalsa.se\/wordpress\/wp-content\/uploads\/2020\/01\/27459094_1656779521071194_8256015973342655190_n-169x300.jpg\" alt=\"\" width=\"169\" height=\"300\" srcset=\"https:\/\/www.blekingeidrottshalsa.se\/wordpress\/wp-content\/uploads\/2020\/01\/27459094_1656779521071194_8256015973342655190_n-169x300.jpg 169w, https:\/\/www.blekingeidrottshalsa.se\/wordpress\/wp-content\/uploads\/2020\/01\/27459094_1656779521071194_8256015973342655190_n-84x150.jpg 84w, https:\/\/www.blekingeidrottshalsa.se\/wordpress\/wp-content\/uploads\/2020\/01\/27459094_1656779521071194_8256015973342655190_n.jpg 419w\" sizes=\"auto, (max-width: 169px) 100vw, 169px\" \/><\/p>\n<p><img loading=\"lazy\" decoding=\"async\" class=\"size-medium wp-image-972 aligncenter\" src=\"https:\/\/www.blekingeidrottshalsa.se\/wordpress\/wp-content\/uploads\/2017\/01\/DSC_3251-300x168.jpg\" alt=\"\" width=\"300\" height=\"168\" srcset=\"https:\/\/www.blekingeidrottshalsa.se\/wordpress\/wp-content\/uploads\/2017\/01\/DSC_3251-300x168.jpg 300w, https:\/\/www.blekingeidrottshalsa.se\/wordpress\/wp-content\/uploads\/2017\/01\/DSC_3251-1024x576.jpg 1024w\" sizes=\"auto, (max-width: 300px) 100vw, 300px\" \/><\/p>\n<p><img loading=\"lazy\" decoding=\"async\" class=\"aligncenter size-medium wp-image-1214\" src=\"https:\/\/www.blekingeidrottshalsa.se\/wordpress\/wp-content\/uploads\/2020\/01\/27356298_1656779454404534_3290866740841763187_o-300x169.jpg\" alt=\"\" width=\"300\" height=\"169\" srcset=\"https:\/\/www.blekingeidrottshalsa.se\/wordpress\/wp-content\/uploads\/2020\/01\/27356298_1656779454404534_3290866740841763187_o-300x169.jpg 300w, https:\/\/www.blekingeidrottshalsa.se\/wordpress\/wp-content\/uploads\/2020\/01\/27356298_1656779454404534_3290866740841763187_o-1024x576.jpg 1024w, https:\/\/www.blekingeidrottshalsa.se\/wordpress\/wp-content\/uploads\/2020\/01\/27356298_1656779454404534_3290866740841763187_o-768x432.jpg 768w, https:\/\/www.blekingeidrottshalsa.se\/wordpress\/wp-content\/uploads\/2020\/01\/27356298_1656779454404534_3290866740841763187_o-150x84.jpg 150w, https:\/\/www.blekingeidrottshalsa.se\/wordpress\/wp-content\/uploads\/2020\/01\/27356298_1656779454404534_3290866740841763187_o-250x141.jpg 250w, https:\/\/www.blekingeidrottshalsa.se\/wordpress\/wp-content\/uploads\/2020\/01\/27356298_1656779454404534_3290866740841763187_o.jpg 1325w\" sizes=\"auto, (max-width: 300px) 100vw, 300px\" \/><\/p>\n","protected":false},"excerpt":{"rendered":"<p>Babymassage kommer h\u00f6sten-2020\u00a0 \u00a0 \u00a0 \u00a0 \u00a0 \u00a0 \u00a0 \u00a0 \u00a0 \u00a0 \u00a0 \u00a0 \u00a0 \u00a0 \u00a0(Datum inte planerat pga Covid -19) Babymassagen ger dig och ditt barn en fin stund tillsammans.\u00a0 N\u00e4rhet och ber\u00f6ring \u00e4r otroligt viktigt f\u00f6r sm\u00e5 bebisar och det s\u00e4tt att kommunicera som Din bebis k\u00e4nner&#8230; <a class=\"continue-reading-link\" href=\"https:\/\/www.blekingeidrottshalsa.se\/?page_id=714\"> Continue reading <span class=\"meta-nav\">&rarr; <\/span><\/a><\/p>\n","protected":false},"author":2,"featured_media":0,"parent":0,"menu_order":0,"comment_status":"open","ping_status":"open","template":"templates\/template-onecolumn.php","meta":{"footnotes":""},"class_list":["post-714","page","type-page","status-publish","hentry"],"_links":{"self":[{"href":"https:\/\/www.blekingeidrottshalsa.se\/index.php?rest_route=\/wp\/v2\/pages\/714","targetHints":{"allow":["GET"]}}],"collection":[{"href":"https:\/\/www.blekingeidrottshalsa.se\/index.php?rest_route=\/wp\/v2\/pages"}],"about":[{"href":"https:\/\/www.blekingeidrottshalsa.se\/index.php?rest_route=\/wp\/v2\/types\/page"}],"author":[{"embeddable":true,"href":"https:\/\/www.blekingeidrottshalsa.se\/index.php?rest_route=\/wp\/v2\/users\/2"}],"replies":[{"embeddable":true,"href":"https:\/\/www.blekingeidrottshalsa.se\/index.php?rest_route=%2Fwp%2Fv2%2Fcomments&post=714"}],"version-history":[{"count":12,"href":"https:\/\/www.blekingeidrottshalsa.se\/index.php?rest_route=\/wp\/v2\/pages\/714\/revisions"}],"predecessor-version":[{"id":1278,"href":"https:\/\/www.blekingeidrottshalsa.se\/index.php?rest_route=\/wp\/v2\/pages\/714\/revisions\/1278"}],"wp:attachment":[{"href":"https:\/\/www.blekingeidrottshalsa.se\/index.php?rest_route=%2Fwp%2Fv2%2Fmedia&parent=714"}],"curies":[{"name":"wp","href":"https:\/\/api.w.org\/{rel}","templated":true}]}}